Let i be ((-3)/x)/((-5)/15)*0. What is the units digit of (i - (-5)/(-3))*-57*1?
5
What is the tens digit of 9 + (-171)/18 - 13961/(-2)?
8
Let g(j) = 188*j**2 + 19*j + 36. Let h be g(-4). Suppose -17*n + h = -9*n. What is the units digit of n?
1
What is the units digit of (930/(-210) + (-8)/14)*-54?
0
Suppose -5*b - 7499 = -2*m, 0*m = 4*b + m + 5994. Let o = -232 - b. What is the tens digit of o?
6
Suppose 5*f = -2*m + 3, -23 = -4*m - m + 3*f. Suppose -m*s - 1 = 11, 4*n - 25 = 3*s. Suppose 13 = -3*y + n*y. What is the units digit of y?
3
Let f(p) = -158*p + 42. Let o be f(-9). Let q be ((-35)/20)/((-2)/o). Suppose 3*k = 10*k - q. What is the hundreds digit of k?
1
Let b = -519 + 530. Suppose -12948 = -b*o - 1662. What is the hundreds digit of o?
0
Suppose 24 = 13*g - 21*g. Let y(p) = -2*p**3 - 3*p**2 + 5*p + 2. Let a be y(g). Suppose -a*x + 139 = -13*x. What is the hundreds digit of x?
1
Let v(b) = 272 + 3*b**3 - b + 9*b**3 - 5*b**3 - 271. Let t be v(-2). Let r = 288 + t. What is the hundreds digit of r?
2
Let i(g) = -737*g**3 - 5*g**2 - 21*g - 60. What is the hundreds digit of i(-3)?
8
Let j(w) = -56*w + 15 - 57 + 4*w - 31*w. What is the units digit of j(-2)?
4
Suppose 6725 + 7275 = -25*n. What is the units digit of (1 - n/(-15))*-6?
8
Let l(j) = 0*j**3 - 2*j**2 - j**2 - 4*j**2 + j**3 + 2. Let c be l(7). Suppose 0 = -2*i, -6*b = -c*b + 3*i - 752. What is the hundreds digit of b?
1
Let c(m) = 176*m + 3. Suppose -2*r + 8 = s, 6*s - s - 5*r = -5. What is the hundreds digit of c(s)?
3
What is the tens digit of 6/4*(7588 + 1 - (-195 - -190))?
9
Let v(k) = -25*k + 166. Let y be v(-18). What is the tens digit of y/(-7 - (-15)/2)?
3
Suppose -63273 = -5*u + 2*u. Suppose -29*d + 6*d = -u. What is the units digit of d?
7
Suppose 22*v = 73 + 323. What is the units digit of ((-243)/v)/((-1)/24)?
4
Suppose 0 = 7*o - 721 + 1379. Let z = 420 - o. What is the hundreds digit of z?
5
Suppose -68*o - 1321425 + 4636833 = 0. What is the tens digit of o?
5
Let j = 65 + 35. Suppose u - j = 139. What is the tens digit of u?
3
Let z = 25 + -22. Suppose -4*f + 640 = -4*c, 3*c + 7*f = z*f - 508. What is the tens digit of 4/14 + c/(-14)?
1
Let y = 18 + -3. Suppose 2*a - 1087 = y. What is the hundreds digit of a?
5
Suppose -5*y = 10, 0 = m - 6*m + y - 43. Let r be -8*((-5)/(15/m) - 1). Let n = r - -27. What is the tens digit of n?
1
Suppose n = i + 6, 4*i + 29*n = 26*n + 4. What is the units digit of i/8 + 38541/116?
2
Let u be 42/63 - 13/(-3). Suppose -2*y = -u*y + 12. Suppose 0*k - 4*x = y*k - 392, 3*k = 2*x + 269. What is the tens digit of k?
9
Let z(l) = -82*l + 8. Let w be z(-3). Suppose 2*b = -0*b + 278. Let u = w - b. What is the units digit of u?
5
Let q(j) = 2*j + 10. Let r be q(9). Let d = -16 + r. Suppose d = 4*i, -2*i + 83 = 2*o - 27. What is the tens digit of o?
5
Let n be 2 + 3/(6/8) + -4. Suppose 0*u = -n*u + 872. Let y = -227 + u. What is the units digit of y?
9
Suppose 924 = 3*z + 342. Let q = z + 16. What is the tens digit of q?
1
Let z be (((-84)/(-10))/(-7))/((-3)/(-20)). Let n = 5 + z. What is the tens digit of 0 - (n - -2)*71?
7
What is the units digit of -19*(-14)/266*8741/(3/3)?
1
Let j = 302 - 65. Suppose 0 = h - 2*o + 2, h = -2*o - 0*o + 10. Suppose g = h*g - j. What is the units digit of g?
9
Let q(x) = 18*x - 79. What is the tens digit of q(37)?
8
Suppose 16939*p - 16909*p - 340560 = 0. What is the hundreds digit of p?
3
Let p = -151 - -166. What is the hundreds digit of (-54)/p + 3 + 1026/10?
1
Let q = 48 + 29. Let t = q + -66. Suppose 0 = t*w - 16*w + 230. What is the units digit of w?
6
Let b(f) = 3 - 7*f**2 - f + 15*f**2 + 19*f**2 - 2. Let i be 1*(-12)/(-4)*4/12. What is the units digit of b(i)?
7
Let q(f) = f - 1. Suppose -17*t = -15*t - 16. Let a be q(t). Suppose -a*l - 322 = -9*l. What is the units digit of l?
1
Let v be 4/(-26) + (61218/(-247) - -3). Suppose 2*o - 1266 = 5*o. Let b = v - o. What is the units digit of b?
7
Let a be (-48)/20*80/(-6). Suppose 29*u - a*u = -759. What is the units digit of u?
3
Suppose 0 = 11*d - 4*d + 21. What is the tens digit of 125 - d - (-6)/(-2)?
2
Suppose 25*u + 13027 = 3852. Let h = 547 - u. What is the units digit of h?
4
What is the tens digit of (-1 + (-2 - 39))*(8372/6)/(-7)?
7
Suppose 4*b - 1 - 3 = -3*i, 3*i = 2*b + 16. Suppose 0 = i*t + 6 - 14. Suppose w + q - 4*q = 38, -3*w + t*q = -149. What is the tens digit of w?
5
Let v = 114 - 101. Let d = -83 + v. Let j = 149 - d. What is the hundreds digit of j?
2
What is the thousands digit of 32/48*(-27)/(-24)*95492?
1
Suppose 10*j = -3*j + 65. Suppose 0*k - 1939 = -3*k + 2*c, -j*k + 3236 = c. What is the hundreds digit of k?
6
Suppose 0*o + 3*o = -6, 0 = 4*i + 4*o - 60. Suppose -2*j - 2*k = -3*j - 76, -151 = 2*j - 3*k. Let d = i - j. What is the tens digit of d?
9
Let j be 10*15 - (10 - 9). Let q = -141 + j. Suppose -4*b - q = 0, 2*b - 3*b - 20 = -u. What is the tens digit of u?
1
Let w(x) be the third derivative of 5*x**5/12 - 5*x**4/24 + 7*x**3/6 - 2*x**2. Let u be w(3). Let h = u + -116. What is the units digit of h?
1
Let t(g) = 1661*g + 1460. What is the thousands digit of t(7)?
3
Let n = -155 + 157. Suppose 438 = 5*a - n*g + 3*g, 3*g + 6 = 0. What is the units digit of a?
8
Suppose 3*m - 7 = -4*i, 3*m + 67 = 70. Let l(r) = 9*r + 1. Let b be l(-3). What is the tens digit of (-2444)/b + i*-2?
9
Let y be (474/7)/(57/399). Let l = 216 + y. What is the units digit of l?
0
Let b(k) = 13*k**2 - 63*k - 1518. What is the tens digit of b(-42)?
6
Suppose -2*v + 8*y - 868 + 27620 = 0, y - 26743 = -2*v. What is the tens digit of v?
7
Suppose -558*o - 177892 = -580*o. What is the tens digit of o?
8
Let q be (0/4)/(-7 + 6). Suppose 22*n - 14516 + 4946 = q. What is the tens digit of n?
3
Let u be (0/(-4))/5 + (-4)/(-2). Suppose -r - 18 + 6 = -u*l, -5*l = -2*r - 29. Suppose 10*h = l*h + 400. What is the tens digit of h?
8
Let u = -2742 - -3903. Let o = u - 141. What is the thousands digit of o?
1
Let h = 60 - 68. Let r(p) = -2*p - 17. Let c be r(h). What is the tens digit of (-4 + 4 + -1)/(c/151)?
5
Let h = 30 - 24. Let g(r) = 39*r + 13. What is the tens digit of g(h)?
4
Let r = -7 - -3. Let o(v) be the third derivative of -3*v**4/4 - 3*v**3/2 + 2*v**2 + 79. What is the units digit of o(r)?
3
Suppose 0 = -5*g - t + 455702, g - 122*t + 119*t = 91118. What is the ten thousands digit of g?
9
Let t(f) be the third derivative of -61*f**4/24 - 17*f**3/2 + 2*f**2 + 11. What is the hundreds digit of t(-4)?
1
What is the units digit of 9071*(-1 + (-36)/(-18))?
1
Let j be 186/(-8) - (147/(-28))/(-7). Let p be -25 - ((-12)/42 + j/14). Let n = p - -60. What is the tens digit of n?
3
Suppose 0 = -11*i + 10*i + 3919. Let w = i + -2766. What is the tens digit of w?
5
Let f(k) = 31*k**3 + 3*k**2 - 7*k - 4. Let g be f(4). Let y = g - 498. What is the tens digit of y?
0
Suppose 21*x = 23*x - 5360. What is the tens digit of x?
8
Suppose -1151*q + 1166*q - 140430 = 0. What is the tens digit of q?
6
Suppose -39*p + 180995 = 43*p - 29*p. What is the tens digit of p?
1
Let k(y) = 7*y**2 + 14*y + 31. Let z(b) = -13*b**2 - 29*b - 61. Let h(w) = -11*k(w) - 6*z(w). Let v be h(-11). What is the units digit of v*(-5)/(9 + -4)?
4
Let b(y) = 28*y + 43. Let n be b(-2). Let h(l) = -l**3 - 10*l**2 - 23*l - 30. What is the units digit of h(n)?
6
Suppose 0 = 132*t - 106*t + 128*t - 1017170. What is the thousands digit of t?
6
Let d(w) = -187*w - 155 - 137 - 151*w + 157*w. What is the units digit of d(-5)?
3
Let d(h) = -5*h**3 - 3*h**2 + 18*h - 4. Let r be d(4). Suppose -5*x = 5*l + 2500, -l - 234 - 263 = 2*x. Let g = r - l. What is the units digit of g?
3
Suppose 0 = 61*s - 1026648 + 51014. What is the tens digit of s?
9
Suppose 0 = 5*p + 2*w - 40791, -36*p + 5*w = -39*p + 24467. What is the hundreds digit of p?
1
Let o(f) = f**3 + 21*f**2 - 26*f + 71. Let q be (105/10)/((-1)/2 + 0). What is the units digit of o(q)?
7
Let k = 55 + -131. Let r = k + -50. What is the tens digit of (-511)/(-9) + (-28)/r?
5
Suppose -3*j - 5*x = -7457 + 1668, j + 4*x = 1925. What is the tens digit of j?
3
What is the units digit of 114342/76*110/15?
3
Let t = 209 + -173. Suppose -8487 = -t*q + 3465. What is the tens digit of q?
3
Let p(d) be the third derivative of 0*d + 55/6*d**3 + 52*d**2 - 1/2*d**4 + 0. What i